sands digit of 2343?
2
What is the hundreds digit of 1862?
8
What is the tens digit of 30193?
9
What is the units digit of 10382?
2
What is the units digit of 867?
7
What is the units digit of 1675?
5
What is the hundreds digit of 4238?
2
What is the units digit of 121218?
8
What is the tens digit of 24121?
2
What is the ten thousands digit of 29035?
2
What is the ten thousands digit of 25124?
2
What is the hundreds digit of 1008?
0
What is the units digit of 46948?
8
What is the units digit of 3159?
9
What is the units digit of 18963?
3
What is the tens digit of 151485?
8
What is the ten thousands digit of 30311?
3
What is the hundreds digit of 1125?
1
What is the units digit of 6384?
4
What is the thousands digit of 81786?
1
What is the tens digit of 97804?
0
What is the tens digit of 1779?
7
What is the thousands digit of 1687?
1
What is the units digit of 36?
6
What is the tens digit of 368?
6
What is the tens digit of 202?
0
What is the tens digit of 12824?
2
What is the ten thousands digit of 10841?
1
What is the thousands digit of 15616?
5
What is the tens digit of 20475?
7
What is the tens digit of 1884?
8
What is the units digit of 2402?
2
What is the ten thousands digit of 13955?
1
What is the thousands digit of 12535?
2
What is the tens digit of 5776?
7
What is the tens digit of 5184?
8
What is the tens digit of 2243?
4
What is the hundreds digit of 18647?
6
What is the hundreds digit of 15611?
6
What is the hundreds digit of 485?
4
What is the hundreds digit of 302?
3
What is the thousands digit of 3465?
3
What is the hundreds digit of 394?
3
What is the hundreds digit of 20223?
2
What is the units digit of 16467?
7
What is the thousands digit of 53231?
3
What is the thousands digit of 8907?
8
What is the thousands digit of 7975?
7
What is the tens digit of 691?
9
What is the tens digit of 2295?
9
What is the thousands digit of 1087?
1
What is the units digit of 3432?
2
What is the hundreds digit of 52535?
5
What is the units digit of 7225?
5
What is the thousands digit of 2670?
2
What is the tens digit of 611?
1
What is the units digit of 30768?
8
What is the tens digit of 2168?
6
What is the hundreds digit of 4424?
4
What is the thousands digit of 44743?
4
What is the units digit of 49974?
4
What is the units digit of 135197?
7
What is the ten thousands digit of 11973?
1
What is the units digit of 3950?
0
What is the tens digit of 16557?
5
What is the tens digit of 183?
8
What is the units digit of 7492?
2
What is the hundreds digit of 3770?
7
What is the tens digit of 3341?
4
What is the tens digit of 630?
3
What is the thousands digit of 36066?
6
What is the hundreds digit of 31175?
1
What is the units digit of 4538?
8
What is the tens digit of 12910?
1
What is the thousands digit of 3007?
3
What is the ten thousands digit of 84334?
8
What is the ten thousands digit of 48348?
4
What is the tens digit of 5170?
7
What is the hundreds digit of 66180?
1
What is the tens digit of 12697?
9
What is the hundreds digit of 6623?
6
What is the ten thousands digit of 15424?
1
What is the units digit of 25573?
3
What is the hundreds digit of 6699?
6
What is the tens digit of 23414?
1
What is the thousands digit of 4668?
4
What is the hundreds digit of 14147?
1
What is the units digit of 2809?
9
What is the units digit of 9349?
9
What is the units digit of 1891?
1
What is the hundreds digit of 3298?
2
What is the tens digit of 64898?
9
What is the tens digit of 25862?
6
What is the thousands digit of 1062?
1
What is the tens digit of 4051?
5
What is the thousands digit of 2552?
2
What is the tens digit of 236?
3
What is the hundreds digit of 39936?
9
What is the units digit of 4904?
4
What is the hundreds digit of 5569?
5
What is the tens digit of 18747?
4
What is the units digit of 99944?
4
What is the units digit of 222?
2
What is the hundreds digit of 3524?
5
What is the tens digit of 1606?
0
What is the thousands digit of 20829?
0
What is the units digit of 57813?
3
What is the hundreds digit of 118?
1
What is the units digit of 23136?
6
What is the tens digit of 40875?
7
What is the tens digit of 7568?
6
What is the tens digit of 9319?
1
What is the thousands digit of 1298?
1
What is the thousands digit of 20334?
0
What is the thousands digit of 30161?
0
What is the hundreds digit of 1973?
9
What is the thousands digit of 24058?
4
What is the ten thousands digit of 42429?
4
What is the units digit of 4689?
9
What is the tens digit of 192?
9
What is the tens digit of 7583?
8
What is the thousands digit of 2796?
2
What is the tens digit of 2738?
3
What is the hundreds digit of 9126?
1
What is the units digit of 1875?
5
What is the thousands digit of 4723?
4
What is the hundreds digit of 7652?
6
What is the hundreds digit of 3205?
2
What is the ten thousands digit of 15460?
1
What is the tens digit of 782?
8
What is the thousands digit of 24806?
4
What is the units digit of 10074?
4
What is the units digit of 9486?
6
What is the thousands digit of 3600?
3
What is the thousands digit of 2998?
2
What is the thousands digit of 4815?
4
What is the hundreds digit of 13606?
6
What is the hundreds digit of 520?
5
What is the tens digit of 800?
0
What is the tens digit of 10798?
9
What is the tens digit of 31750?
5
What is the ten thousands digit of 14605?
1
What is the thousands digit of 10803?
0
What is the units digit of 12647?
7
What is the ten thousands digit of 35089?
3
What is the ten thousands digit of 12853?
1
What is the hundreds digit of 740?
7
What is the thousands digit of 6323?
6
What is the hundreds digit of 4109?
1
What is the thousands digit of 11651?
1
What is the hundreds digit of 19177?
1
What is the tens digit of 3450?
5
What is the thousands digit of 35398?
5
What is the ten thousands digit of 113134?
1
What is the thousands digit of 1769?
1
What is the ten thousands digit of 37366?
3
What is the units digit of 7139?
9
What is the tens digit of 8103?
0
What is the tens digit of 4335?
3
What is the tens digit of 4845?
4
What is the tens digit of 817?
1
What is the thousands digit of 9863?
9
What is the thousands digit of 1357?
1
What is the tens digit of 120?
2
What is the thousands digit of 21213?
1
What is the thousands digit of 3399?
3
What is the units digit of 28641?
1
What is the tens digit of 48027?
2
What is the ten thousands digit of 57242?
5
What is the hundreds digit of 3090?
0
What is the thousands digit of 7730?
7
What is the ten thousands digit of 26818?
2
What is the thousands digit of 4195?
4
What is the tens digit of 22406?
0
What is the thousands digit of 19934?
9
What is the hundreds digit of 6523?
5
What is the hundred thousands digit of 120851?
1
What is the thousands digit of 35343?
5
What is the hundreds digit of 753?
7
What is the units digit of 1128?
8
What is the units digit of 278?
8
What is the tens digit of 75287?
8
What is the tens digit of 271?
7
What is the units digit of 9133?
3
What is the thousands digit of 1668?
1
What is the ten thousands digit of 20993?
2
What is the hundreds digit of 1103?
1
What is the tens digit of 187?
8
What is the units digit of 41163?
3
What is the units digit of 7759?
9
What is the thousands digit of 23291?
3
What is the hundreds digit of 150005?
0
What is the hundreds digit of 7990?
9
What is the hundreds digit of 22688?
6
What is the hundreds digit of 455?
4
What is the hundreds digit of 1377?
3
What is the ten thousands digit of 36069?
3
What is the units digit of 1654?
4
What is the hundreds digit of 13569?
5
What is the hundreds digit of 590?
5
What is the thousands digit of 97168?
7
What is the tens digit of 78574?
7
What is the hundreds digit of 3018?
0
What is the units digit of 507?
7
What is the thousands digit of 4493?
4
What is the thousands digit of 1728?
1
What is the hundreds digit of 591?
5
What is the hundreds digit of 2474?
4
What is the hundreds digit of 49242?
2
What is the units digit of 2830?
0
What is the hundreds digit of 9567?
5
What is the tens digit of 21284?
8
What is the hundreds digit of 808?
8
What is the thousands digit of 11589?
1
What is the units digit of 1102?
2
What is the thousands digit of 16614?
6
What is the hundreds digit of 339?
3
What is the tens digit of 9574?
7
What is the ten thousands digit of 80501?
8
What is th